s divided by 27.
24
Calculate the remainder when 1599 is divided by 160.
159
What is the remainder when 2572 is divided by 286?
284
Calculate the remainder when 3782 is divided by 97.
96
Calculate the remainder when 210 is divided by 27.
21
Calculate the remainder when 160 is divided by 27.
25
Calculate the remainder when 3874 is divided by 19.
17
What is the remainder when 924 is divided by 114?
12
Calculate the remainder when 737 is divided by 242.
11
Calculate the remainder when 29 is divided by 16.
13
What is the remainder when 856 is divided by 123?
118
Calculate the remainder when 2455 is divided by 352.
343
Calculate the remainder when 509 is divided by 64.
61
Calculate the remainder when 63 is divided by 6.
3
Calculate the remainder when 3673 is divided by 1836.
1
Calculate the remainder when 143 is divided by 73.
70
What is the remainder when 263 is divided by 109?
45
What is the remainder when 391 is divided by 124?
19
Calculate the remainder when 2175 is divided by 128.
127
What is the remainder when 40 is divided by 14?
12
What is the remainder when 544 is divided by 81?
58
Calculate the remainder when 7049 is divided by 392.
385
What is the remainder when 778 is divided by 254?
16
Calculate the remainder when 67 is divided by 9.
4
Calculate the remainder when 132 is divided by 7.
6
Calculate the remainder when 553 is divided by 29.
2
Calculate the remainder when 422 is divided by 83.
7
What is the remainder when 1165 is divided by 16?
13
What is the remainder when 699 is divided by 18?
15
Calculate the remainder when 17 is divided by 12.
5
Calculate the remainder when 1369 is divided by 42.
25
Calculate the remainder when 137 is divided by 84.
53
Calculate the remainder when 87 is divided by 61.
26
What is the remainder when 7042 is divided by 43?
33
Calculate the remainder when 1424 is divided by 23.
21
Calculate the remainder when 875 is divided by 18.
11
What is the remainder when 356 is divided by 8?
4
Calculate the remainder when 76 is divided by 9.
4
What is the remainder when 803 is divided by 193?
31
Calculate the remainder when 541 is divided by 7.
2
What is the remainder when 4381 is divided by 625?
6
What is the remainder when 1538 is divided by 32?
2
What is the remainder when 99 is divided by 25?
24
What is the remainder when 949 is divided by 119?
116
Calculate the remainder when 200 is divided by 75.
50
What is the remainder when 80 is divided by 43?
37
What is the remainder when 720 is divided by 285?
150
What is the remainder when 247 is divided by 111?
25
What is the remainder when 204 is divided by 3?
0
What is the remainder when 275 is divided by 8?
3
What is the remainder when 485 is divided by 243?
242
What is the remainder when 58 is divided by 21?
16
Calculate the remainder when 1206 is divided by 17.
16
Calculate the remainder when 458 is divided by 33.
29
What is the remainder when 769 is divided by 303?
163
Calculate the remainder when 268 is divided by 30.
28
Calculate the remainder when 678 is divided by 228.
222
Calculate the remainder when 405 is divided by 17.
14
Calculate the remainder when 143 is divided by 16.
15
Calculate the remainder when 90 is divided by 25.
15
What is the remainder when 636 is divided by 108?
96
Calculate the remainder when 1125 is divided by 8.
5
What is the remainder when 857 is divided by 143?
142
Calculate the remainder when 1982 is divided by 124.
122
Calculate the remainder when 141 is divided by 64.
13
Calculate the remainder when 3406 is divided by 102.
40
Calculate the remainder when 193 is divided by 68.
57
What is the remainder when 618 is divided by 104?
98
Calculate the remainder when 1218 is divided by 18.
12
Calculate the remainder when 1809 is divided by 120.
9
Calculate the remainder when 2698 is divided by 90.
88
What is the remainder when 81 is divided by 54?
27
Calculate the remainder when 487 is divided by 35.
32
What is the remainder when 95 is divided by 11?
7
What is the remainder when 15 is divided by 8?
7
What is the remainder when 1684 is divided by 24?
4
Calculate the remainder when 105 is divided by 31.
12
Calculate the remainder when 46 is divided by 16.
14
What is the remainder when 776 is divided by 40?
16
What is the remainder when 1713 is divided by 13?
10
Calculate the remainder when 494 is divided by 261.
233
What is the remainder when 3642 is divided by 364?
2
What is the remainder when 1009 is divided by 22?
19
What is the remainder when 3462 is divided by 99?
96
What is the remainder when 933 is divided by 6?
3
What is the remainder when 581 is divided by 15?
11
Calculate the remainder when 44 is divided by 16.
12
Calculate the remainder when 62 is divided by 4.
2
Calculate the remainder when 30 is divided by 24.
6
Calculate the remainder when 1026 is divided by 82.
42
What is the remainder when 1030 is divided by 45?
40
What is the remainder when 58 is divided by 17?
7
What is the remainder when 43 is divided by 19?
5
What is the remainder when 1629 is divided by 268?
21
Calculate the remainder when 1002 is divided by 147.
120
What is the remainder when 2229 is divided by 373?
364
What is the remainder when 761 is divided by 55?
46
Calculate the remainder when 98 is divided by 50.
48
Calculate the remainder when 656 is divided by 318.
20
What is the remainder when 229 is divided by 55?
9
What is the remainder when 1185 is divided by 28?
9
Calculate the remainder when 535 is divided by 17.
8
What is the remainder when 1739 is divided by 46?
37
What is the remainder when 9 is divided by 7?
2
Calculate the remainder when 1189 is divided by 6.
1
Calculate the remainder when 102 is divided by 26.
24
What is the remainder when 1426 is divided by 94?
16
What is the remainder when 1888 is divided by 90?
88
What is the remainder when 15234 is divided by 26?
24
Calculate the remainder when 302 is divided by 94.
20
Calculate the remainder when 357 is divided by 5.
2
Calculate the remainder when 749 is divided by 75.
74
What is the remainder when 597 is divided by 101?
92
What is the remainder when 12185 is divided by 265?
260
Calculate the remainder when 198 is divided by 43.
26
Calculate the remainder when 124 is divided by 42.
40
Calculate the remainder when 195 is divided by 50.
45
Calculate the remainder when 76 is divided by 53.
23
Calculate the remainder when 12 is divided by 7.
5
What is the remainder when 1066 is divided by 1057?
9
What is the remainder when 54 is divided by 31?
23
What is the remainder when 229 is divided by 47?
41
What is the remainder when 290 is divided by 99?
92
Calculate the remainder when 97 is divided by 45.
7
Calculate the remainder when 194 is divided by 11.
7
Calculate the remainder when 19 is divided by 9.
1
Calculate the remainder when 66 is divided by 23.
20
Calculate the remainder when 135 is divided by 28.
23
Calculate the remainder when 7918 is divided by 20.
18
What is the remainder when 146 is divided by 38?
32
Calculate the remainder when 1109 is divided by 10.
9
What is the remainder when 2347 is divided by 11?
4
What is the remainder when 47 is divided by 37?
10
Calculate the remainder when 713 is divided by 21.
20
Calculate the remainder when 308 is divided by 63.
56
What is the remainder when 178 is divided by 34?
8
What is the remainder when 54 is divided by 6?
0
Calculate the remainder when 204 is divided by 39.
9
What is the remainder when 127 is divided by 43?
41
What is the remainder when 909 is divided by 449?
11
Calculate the remainder when 383 is divided by 129.
125
Calculate the remainder when 348 is divided by 13.
10
What is the remainder when 234 is divided by 61?
51
What is the remainder when 324 is divided by 166?
158
Calculate the remainder when 48 is divided by 29.
19
Calculate the remainder when 136 is divided by 35.
31
Calculate the remainder when 340 is divided by 49.
46
What is the remainder when 10199 is divided by 2039?
4
Calculate the remainder when 157 is divided by 145.
12
Calculate the remainder when 1652 is divided by 538.
38
What is the remainder when 369 is divided by 34?
29
Calculate the remainder when 72 is divided by 29.
14
What is the remainder when 284 is divided by 75?
59
Calculate the remainder when 249 is divided by 142.
107
Calculate the remainder when 122 